{"id":2105,"date":"2024-02-19T08:54:26","date_gmt":"2024-02-19T08:54:26","guid":{"rendered":"https:\/\/32.aicps.ro\/?page_id=2105"},"modified":"2024-02-19T08:55:41","modified_gmt":"2024-02-19T08:55:41","slug":"despre-cookies","status":"publish","type":"page","link":"https:\/\/32.aicps.ro\/index.php\/despre-cookies\/","title":{"rendered":"Despre cookies"},"content":{"rendered":"<div class=\"fusion-fullwidth fullwidth-box fusion-builder-row-1 fusion-flex-container has-pattern-background has-mask-background nonhundred-percent-fullwidth non-hundred-percent-height-scrolling\" style=\"--awb-border-radius-top-left:0px;--awb-border-radius-top-right:0px;--awb-border-radius-bottom-right:0px;--awb-border-radius-bottom-left:0px;--awb-padding-top:0px;--awb-margin-top:0px;--awb-flex-wrap:wrap;\" ><div class=\"fusion-builder-row fusion-row fusion-flex-align-items-flex-start fusion-flex-content-wrap\" style=\"max-width:982.8px;margin-left: calc(-4% \/ 2 );margin-right: calc(-4% \/ 2 );\"><div class=\"fusion-layout-column fusion_builder_column fusion-builder-column-0 fusion_builder_column_1_1 1_1 fusion-flex-column\" style=\"--awb-bg-size:cover;--awb-width-large:100%;--awb-margin-top-large:0px;--awb-spacing-right-large:1.92%;--awb-margin-bottom-large:0px;--awb-spacing-left-large:1.92%;--awb-width-medium:100%;--awb-spacing-right-medium:1.92%;--awb-spacing-left-medium:1.92%;--awb-width-small:100%;--awb-spacing-right-small:1.92%;--awb-spacing-left-small:1.92%;\"><div class=\"fusion-column-wrapper fusion-flex-justify-content-flex-start fusion-content-layout-column\"><div class=\"fusion-text fusion-text-1\"><h1>Despre cookies<\/h1>\n<p>Aceast\u0103 politic\u0103 se refer\u0103 la cookie-urile \u015fi la site-ul web <a href=\"https:\/\/32.aicps.ro\">www.aicps.ro<\/a> , de\u0163inut \u015fi operat de <strong>ASOCIA\u021aIA INGINERILOR CONSTRUCTORI PROIECTAN\u021aI DE STRUCTURI (AICPS)<\/strong>, organizatie nonprofit, cu sediul in \u1e62os.Panduri nr.94, corp B, et.1, sect.5 Bucuresti, Nr. Registrul National ONG: 15924\/A\/2000, cod fiscal 12043404.<\/p>\n<h2>Ce sunt cookie-urile?<\/h2>\n<p>Cookie-urile sunt fi\u0219iere de tip text de mici dimensiuni pe care paginile de web vizitate la un moment dat de un utilizator le stocheaz\u0103 pe calculatorul \/ terminalul mobil al utilizatorului care vizualizeaz\u0103 respectivele pagini de web. Cookie-urile nu citesc \u015fi nu \u00een\u021beleg alte fi\u0219iere sau documente stocate pe calculatorul \/ terminalul mobil al utilizatorului.<\/p>\n<p>Cookie-urile joac\u0103 un rol important \u00een activitatea de vizualizare a paginilor de web. Ele re\u021bin informa\u021bii referitoare la modul \u00een care au fost vizualizate paginile de web, cum ar fi limba \u00een care sunt afi\u0219ate paginile, m\u0103rimea literelor, regiunea de pe glob \u00een care se g\u0103se\u0219te utilizatorul, set\u0103rile referitoare la securitate \u015fi altele.<\/p>\n<h2>Pentru ce utiliz\u0103m cookie-urile?<\/h2>\n<p>Utiliz\u0103m cookie-urile pentru a face Site-ul mai u\u015for de utilizat \u015fi pentru a-l adapta mai bine (inclusiv produsele noastre) la interesele \u015fi necesit\u0103\u0163ile dumneavoastr\u0103. Cookie-urile pot fi utilizate de asemenea pentru a m\u0103ri vitez\u0103 viitoarelor dumneavoastr\u0103 activit\u0103\u0163i \u015fi experien\u0163e pe site-ul nostru \u015fi sus\u0163in eforturile AICPS pentru a oferi servicii comfortabile utilizatorilor.<\/p>\n<h2>Cum pot s\u0103 controlez sau s\u0103 \u0219terg cookie-urile?<\/h2>\n<p>Majoritatea browserelor de Internet sunt setate ini\u0163ial pentru a accepta automat cookie-uri. Pute\u0163i modifica set\u0103rile pentru a bloca cookie-urile sau pentru fi notificat \u00een momentul c\u00e2nd sunt trimise cookie-uri c\u0103tre calculatorul sau dispozitivul dumneavoastr\u0103 mobil (smartphone, tablet\u0103).<\/p>\n<p>\u00cen cazul \u00een care anula\u0163i cookie-urile pe care le utiliz\u0103m, nu ve\u0163i mai primi informa\u0163ii personalizate atunci c\u00e2nd vizita\u0163i Site-ul <a href=\"https:\/\/32.aicps.ro\">www.aicps.ro<\/a>.<\/p>\n<p>Dac\u0103 utiliza\u0163i mai multe dispozitive pentru a vizualiza \u015fi a accesa Site-ul (de ex. calculatorul, smartphone, tablet\u0103, etc) va trebui s\u0103 v\u0103 asigura\u0163i c\u0103 fiecare browser de pe fiecare dispozitiv este setat astfel \u00eenc\u00e2t s\u0103 corespund\u0103 preferin\u0163elor dumneavoastr\u0103 de cookie.<\/p>\n<p>Mai jos ave\u0163i c\u00e2teva link-uri, care v\u0103 explic\u0103 cum pute\u0163i schimba setarile cookie-urilor. Aceste set\u0103ri se g\u0103sesc de regula \u00een &#8222;op\u0163iuni&#8221; sau \u00een meniul de &#8222;preferin\u0163e&#8221; al browserului. Pentru mai multe detalii pute\u0163i folosi \u015fi optiunea &#8222;ajutor&#8221; a browserului dumneavoastr\u0103.<\/p>\n<p><a href=\"http:\/\/support.microsoft.com\/kb\/196955\">Cookie settings in Internet Explorer<\/a><\/p>\n<p><a href=\"https:\/\/support.mozilla.org\/en-US\/kb\/cookies-information-websites-store-on-your-computer?redirectlocale=en-US&amp;redirectslug=Cookies\">Cookie settings in Firefox<\/a><\/p>\n<p><a href=\"https:\/\/support.google.com\/chrome\/answer\/95647?hl=en\">Cookie settings in Chrome<\/a><\/p>\n<p><a href=\"http:\/\/support.apple.com\/kb\/PH5042\">Cookie settings in Safari<\/a><\/p>\n<\/div><\/div><\/div><\/div><\/div>\n","protected":false},"excerpt":{"rendered":"","protected":false},"author":1,"featured_media":0,"parent":0,"menu_order":0,"comment_status":"closed","ping_status":"open","template":"","meta":{"footnotes":""},"yoast_head":"<!-- This site is optimized with the Yoast SEO plugin v22.0 - https:\/\/yoast.com\/wordpress\/plugins\/seo\/ -->\n<title>Despre cookies - 32AICPS<\/title>\n<meta name=\"robots\" content=\"index, follow, max-snippet:-1, max-image-preview:large, max-video-preview:-1\" \/>\n<link rel=\"canonical\" href=\"https:\/\/32.aicps.ro\/index.php\/despre-cookies\/\" \/>\n<meta property=\"og:locale\" content=\"ro_RO\" \/>\n<meta property=\"og:type\" content=\"article\" \/>\n<meta property=\"og:title\" content=\"Despre cookies - 32AICPS\" \/>\n<meta property=\"og:url\" content=\"https:\/\/32.aicps.ro\/index.php\/despre-cookies\/\" \/>\n<meta property=\"og:site_name\" content=\"32AICPS\" \/>\n<meta property=\"article:modified_time\" content=\"2024-02-19T08:55:41+00:00\" \/>\n<meta name=\"twitter:card\" content=\"summary_large_image\" \/>\n<meta name=\"twitter:label1\" content=\"Timp estimat pentru citire\" \/>\n\t<meta name=\"twitter:data1\" content=\"3 minute\" \/>\n<script type=\"application\/ld+json\" class=\"yoast-schema-graph\">{\"@context\":\"https:\/\/schema.org\",\"@graph\":[{\"@type\":\"WebPage\",\"@id\":\"https:\/\/32.aicps.ro\/index.php\/despre-cookies\/\",\"url\":\"https:\/\/32.aicps.ro\/index.php\/despre-cookies\/\",\"name\":\"Despre cookies - 32AICPS\",\"isPartOf\":{\"@id\":\"https:\/\/32.aicps.ro\/#website\"},\"datePublished\":\"2024-02-19T08:54:26+00:00\",\"dateModified\":\"2024-02-19T08:55:41+00:00\",\"breadcrumb\":{\"@id\":\"https:\/\/32.aicps.ro\/index.php\/despre-cookies\/#breadcrumb\"},\"inLanguage\":\"ro-RO\",\"potentialAction\":[{\"@type\":\"ReadAction\",\"target\":[\"https:\/\/32.aicps.ro\/index.php\/despre-cookies\/\"]}]},{\"@type\":\"BreadcrumbList\",\"@id\":\"https:\/\/32.aicps.ro\/index.php\/despre-cookies\/#breadcrumb\",\"itemListElement\":[{\"@type\":\"ListItem\",\"position\":1,\"name\":\"Home\",\"item\":\"https:\/\/32.aicps.ro\/\"},{\"@type\":\"ListItem\",\"position\":2,\"name\":\"Despre cookies\"}]},{\"@type\":\"WebSite\",\"@id\":\"https:\/\/32.aicps.ro\/#website\",\"url\":\"https:\/\/32.aicps.ro\/\",\"name\":\"32AICPS\",\"description\":\"\",\"publisher\":{\"@id\":\"https:\/\/32.aicps.ro\/#organization\"},\"potentialAction\":[{\"@type\":\"SearchAction\",\"target\":{\"@type\":\"EntryPoint\",\"urlTemplate\":\"https:\/\/32.aicps.ro\/?s={search_term_string}\"},\"query-input\":\"required name=search_term_string\"}],\"inLanguage\":\"ro-RO\"},{\"@type\":\"Organization\",\"@id\":\"https:\/\/32.aicps.ro\/#organization\",\"name\":\"32AICPS\",\"url\":\"https:\/\/32.aicps.ro\/\",\"logo\":{\"@type\":\"ImageObject\",\"inLanguage\":\"ro-RO\",\"@id\":\"https:\/\/32.aicps.ro\/#\/schema\/logo\/image\/\",\"url\":\"https:\/\/32.aicps.ro\/wp-content\/uploads\/2024\/02\/logo-aicps-32.png\",\"contentUrl\":\"https:\/\/32.aicps.ro\/wp-content\/uploads\/2024\/02\/logo-aicps-32.png\",\"width\":1020,\"height\":774,\"caption\":\"32AICPS\"},\"image\":{\"@id\":\"https:\/\/32.aicps.ro\/#\/schema\/logo\/image\/\"}}]}<\/script>\n<!-- \/ Yoast SEO plugin. -->","yoast_head_json":{"title":"Despre cookies - 32AICPS","robots":{"index":"index","follow":"follow","max-snippet":"max-snippet:-1","max-image-preview":"max-image-preview:large","max-video-preview":"max-video-preview:-1"},"canonical":"https:\/\/32.aicps.ro\/index.php\/despre-cookies\/","og_locale":"ro_RO","og_type":"article","og_title":"Despre cookies - 32AICPS","og_url":"https:\/\/32.aicps.ro\/index.php\/despre-cookies\/","og_site_name":"32AICPS","article_modified_time":"2024-02-19T08:55:41+00:00","twitter_card":"summary_large_image","twitter_misc":{"Timp estimat pentru citire":"3 minute"},"schema":{"@context":"https:\/\/schema.org","@graph":[{"@type":"WebPage","@id":"https:\/\/32.aicps.ro\/index.php\/despre-cookies\/","url":"https:\/\/32.aicps.ro\/index.php\/despre-cookies\/","name":"Despre cookies - 32AICPS","isPartOf":{"@id":"https:\/\/32.aicps.ro\/#website"},"datePublished":"2024-02-19T08:54:26+00:00","dateModified":"2024-02-19T08:55:41+00:00","breadcrumb":{"@id":"https:\/\/32.aicps.ro\/index.php\/despre-cookies\/#breadcrumb"},"inLanguage":"ro-RO","potentialAction":[{"@type":"ReadAction","target":["https:\/\/32.aicps.ro\/index.php\/despre-cookies\/"]}]},{"@type":"BreadcrumbList","@id":"https:\/\/32.aicps.ro\/index.php\/despre-cookies\/#breadcrumb","itemListElement":[{"@type":"ListItem","position":1,"name":"Home","item":"https:\/\/32.aicps.ro\/"},{"@type":"ListItem","position":2,"name":"Despre cookies"}]},{"@type":"WebSite","@id":"https:\/\/32.aicps.ro\/#website","url":"https:\/\/32.aicps.ro\/","name":"32AICPS","description":"","publisher":{"@id":"https:\/\/32.aicps.ro\/#organization"},"potentialAction":[{"@type":"SearchAction","target":{"@type":"EntryPoint","urlTemplate":"https:\/\/32.aicps.ro\/?s={search_term_string}"},"query-input":"required name=search_term_string"}],"inLanguage":"ro-RO"},{"@type":"Organization","@id":"https:\/\/32.aicps.ro\/#organization","name":"32AICPS","url":"https:\/\/32.aicps.ro\/","logo":{"@type":"ImageObject","inLanguage":"ro-RO","@id":"https:\/\/32.aicps.ro\/#\/schema\/logo\/image\/","url":"https:\/\/32.aicps.ro\/wp-content\/uploads\/2024\/02\/logo-aicps-32.png","contentUrl":"https:\/\/32.aicps.ro\/wp-content\/uploads\/2024\/02\/logo-aicps-32.png","width":1020,"height":774,"caption":"32AICPS"},"image":{"@id":"https:\/\/32.aicps.ro\/#\/schema\/logo\/image\/"}}]}},"_links":{"self":[{"href":"https:\/\/32.aicps.ro\/index.php\/wp-json\/wp\/v2\/pages\/2105"}],"collection":[{"href":"https:\/\/32.aicps.ro\/index.php\/wp-json\/wp\/v2\/pages"}],"about":[{"href":"https:\/\/32.aicps.ro\/index.php\/wp-json\/wp\/v2\/types\/page"}],"author":[{"embeddable":true,"href":"https:\/\/32.aicps.ro\/index.php\/wp-json\/wp\/v2\/users\/1"}],"replies":[{"embeddable":true,"href":"https:\/\/32.aicps.ro\/index.php\/wp-json\/wp\/v2\/comments?post=2105"}],"version-history":[{"count":3,"href":"https:\/\/32.aicps.ro\/index.php\/wp-json\/wp\/v2\/pages\/2105\/revisions"}],"predecessor-version":[{"id":2109,"href":"https:\/\/32.aicps.ro\/index.php\/wp-json\/wp\/v2\/pages\/2105\/revisions\/2109"}],"wp:attachment":[{"href":"https:\/\/32.aicps.ro\/index.php\/wp-json\/wp\/v2\/media?parent=2105"}],"curies":[{"name":"wp","href":"https:\/\/api.w.org\/{rel}","templated":true}]}}